{"id":5873,"date":"2025-11-25T16:52:52","date_gmt":"2025-11-25T21:52:52","guid":{"rendered":"https:\/\/testdigital.vehiculosantioquia.com.co\/portalweb\/?page_id=5873"},"modified":"2025-12-19T15:16:19","modified_gmt":"2025-12-19T20:16:19","slug":"politica-de-privacidad-de-datos","status":"publish","type":"page","link":"https:\/\/vehiculosantioquia.com.co\/portalweb\/politica-de-privacidad-de-datos\/","title":{"rendered":"Pol\u00edtica de privacidad de datos"},"content":{"rendered":"<section class=\"wpb-content-wrapper\"><p>[vc_row canvas=\u00bb%5B%7B%22element%22%3A%22image%22%2C%22shape%22%3A%22shape-1%22%2C%22image_effect%22%3A%22style-1%22%2C%22smoothness%22%3A%2230%22%7D%5D\u00bb css=\u00bb.vc_custom_1766175330579{padding-right: 5% !important;padding-left: 5% !important;}\u00bb][vc_column][vc_column_text]<\/p>\n<h1>Pol\u00edtica de privacidad de datos<\/h1>\n<p>El usuario autoriza a la Gobernaci\u00f3n de Antioquia el uso de la informaci\u00f3n personal que sea suministrada a trav\u00e9s del Portal Impuestos Antioquia para la prestaci\u00f3n de los servicios ofrecidos mediante el mismo. Los datos personales suministrados ser\u00e1n administrados de forma confidencial y con la finalidad de brindar los servicios y el soporte requerido por el usuario, con las debidas garant\u00edas constitucionales, legales y dem\u00e1s normas aplicables a la protecci\u00f3n de datos personales. De acuerdo con la legislaci\u00f3n vigente en materia de protecci\u00f3n de datos, el usuario reconoce y acepta que los datos personales aportados voluntariamente en el momento de su navegaci\u00f3n a trav\u00e9s del Portal Impuestos Antioquia, ser\u00e1n transmitidos y\/o transferidos a terceros cuando sea necesario por parte de la Gobernaci\u00f3n de Antioquia para el cumplimiento de sus objetivos misionales en el proceso de fiscalizaci\u00f3n del Impuesto Vehicular.<\/p>\n<p>Dando cumplimiento a la ley 1581 de 2012 el usuario como titular de los datos personales podr\u00e1 conocer, actualizar y rectificar sus datos personales a trav\u00e9s del correo electr\u00f3nico servicioalcliente@vehiculosantioquia.com.<\/p>\n<p>El usuario acepta que la presente aplicaci\u00f3n cumple fines transaccionales e informativos y no funciona como mecanismo de notificaci\u00f3n legal.[\/vc_column_text]<div class=\"deeper-spacer clearfix\" data-config='{\"desktop\":150,\"mobile\":40,\"smobile\":40}'><\/div>[\/vc_column][\/vc_row]<\/p>\n<\/section>","protected":false},"excerpt":{"rendered":"<p>[vc_row canvas=\u00bb%5B%7B%22element%22%3A%22image%22%2C%22shape%22%3A%22shape-1%22%2C%22image_effect%22%3A%22style-1%22%2C%22smoothness%22%3A%2230%22%7D%5D\u00bb css=\u00bb.vc_custom_1766175330579{padding-right: 5% !important;padding-left: 5% !important;}\u00bb][vc_column][vc_column_text] Pol\u00edtica de privacidad de datos El usuario autoriza a la Gobernaci\u00f3n de Antioquia el uso de la informaci\u00f3n personal que sea suministrada a trav\u00e9s del Portal Impuestos Antioquia para la prestaci\u00f3n de los servicios ofrecidos mediante el mismo. Los datos personales suministrados ser\u00e1n<\/p>\n","protected":false},"author":1,"featured_media":0,"parent":0,"menu_order":0,"comment_status":"closed","ping_status":"closed","template":"","meta":{"footnotes":""},"class_list":["post-5873","page","type-page","status-publish","hentry"],"_links":{"self":[{"href":"https:\/\/vehiculosantioquia.com.co\/portalweb\/wp-json\/wp\/v2\/pages\/5873","targetHints":{"allow":["GET"]}}],"collection":[{"href":"https:\/\/vehiculosantioquia.com.co\/portalweb\/wp-json\/wp\/v2\/pages"}],"about":[{"href":"https:\/\/vehiculosantioquia.com.co\/portalweb\/wp-json\/wp\/v2\/types\/page"}],"author":[{"embeddable":true,"href":"https:\/\/vehiculosantioquia.com.co\/portalweb\/wp-json\/wp\/v2\/users\/1"}],"replies":[{"embeddable":true,"href":"https:\/\/vehiculosantioquia.com.co\/portalweb\/wp-json\/wp\/v2\/comments?post=5873"}],"version-history":[{"count":4,"href":"https:\/\/vehiculosantioquia.com.co\/portalweb\/wp-json\/wp\/v2\/pages\/5873\/revisions"}],"predecessor-version":[{"id":6107,"href":"https:\/\/vehiculosantioquia.com.co\/portalweb\/wp-json\/wp\/v2\/pages\/5873\/revisions\/6107"}],"wp:attachment":[{"href":"https:\/\/vehiculosantioquia.com.co\/portalweb\/wp-json\/wp\/v2\/media?parent=5873"}],"curies":[{"name":"wp","href":"https:\/\/api.w.org\/{rel}","templated":true}]}}