{"id":5970,"date":"2025-12-09T09:11:57","date_gmt":"2025-12-09T14:11:57","guid":{"rendered":"https:\/\/testdigital.vehiculosantioquia.com.co\/portalweb\/?page_id=5970"},"modified":"2026-02-02T11:42:31","modified_gmt":"2026-02-02T16:42:31","slug":"informacion-general","status":"publish","type":"page","link":"https:\/\/vehiculosantioquia.com.co\/portalweb\/informacion-general\/","title":{"rendered":"Informaci\u00f3n general"},"content":{"rendered":"<section class=\"wpb-content-wrapper\"><p>[vc_row][vc_column]\n\t\t\t<!-- START informaci\u00f3n general REVOLUTION SLIDER 6.6.12 --><p class=\"rs-p-wp-fix\"><\/p>\n\t\t\t<rs-module-wrap id=\"rev_slider_9_1_wrapper\" data-source=\"gallery\" style=\"visibility:hidden;background:transparent;padding:0;margin:0px auto;margin-top:0;margin-bottom:0;\">\n\t\t\t\t<rs-module id=\"rev_slider_9_1\" style=\"\" data-version=\"6.6.12\">\n\t\t\t\t\t<rs-slides style=\"overflow: hidden; position: absolute;\">\n\t\t\t\t\t\t<rs-slide style=\"position: absolute;\" data-key=\"rs-21\" data-title=\"Slide\" data-in=\"o:0;\" data-out=\"a:false;\">\n\t\t\t\t\t\t\t<img decoding=\"async\" src=\"\/\/vehiculosantioquia.com.co\/portalweb\/wp-content\/plugins\/revslider\/public\/assets\/assets\/dummy.png\" alt=\"Slide\" title=\"Informaci\u00f3n general\" class=\"rev-slidebg tp-rs-img rs-lazyload\" data-lazyload=\"\/\/vehiculosantioquia.com.co\/portalweb\/wp-content\/plugins\/revslider\/public\/assets\/assets\/transparent.png\" data-bg=\"c:linear-gradient(90deg, rgba(11,86,64,1) 36%, rgba(19,92,70,1) 41%, rgba(58,121,103,1) 67%, rgba(11,86,64,1) 100%);\" data-no-retina>\n<!--\n\t\t\t\t\t\t\t--><rs-layer\n\t\t\t\t\t\t\t\tid=\"slider-9-slide-21-layer-1\" \n\t\t\t\t\t\t\t\tdata-type=\"text\"\n\t\t\t\t\t\t\t\tdata-rsp_ch=\"on\"\n\t\t\t\t\t\t\t\tdata-xy=\"xo:52px,48px,40px,30px;yo:91px,93px,112px,74px;\"\n\t\t\t\t\t\t\t\tdata-text=\"w:normal;s:50,59,62,34;l:60,70,75,40;fw:800;\"\n\t\t\t\t\t\t\t\tdata-dim=\"w:auto,auto,659px,424px;\"\n\t\t\t\t\t\t\t\tdata-frame_0=\"x:0,0px,0px,0px;y:0,0px,0px,0px;\"\n\t\t\t\t\t\t\t\tdata-frame_1=\"x:0,0px,0px,0px;y:0,0px,0px,0px;\"\n\t\t\t\t\t\t\t\tdata-frame_999=\"o:0;st:w;\"\n\t\t\t\t\t\t\t\tstyle=\"z-index:8;font-family:'Poppins';\"\n\t\t\t\t\t\t\t>Tu impuesto vehicular, <br \/>\nf\u00e1cil y en l\u00ednea \n\t\t\t\t\t\t\t<\/rs-layer><!--\n\n\t\t\t\t\t\t\t--><rs-layer\n\t\t\t\t\t\t\t\tid=\"slider-9-slide-21-layer-2\" \n\t\t\t\t\t\t\t\tdata-type=\"text\"\n\t\t\t\t\t\t\t\tdata-rsp_ch=\"on\"\n\t\t\t\t\t\t\t\tdata-xy=\"xo:52px,48px,44px,29px;yo:230px,267px,394px,183px;\"\n\t\t\t\t\t\t\t\tdata-text=\"w:normal;s:24,29,28,16;l:32,40,38,21;\"\n\t\t\t\t\t\t\t\tdata-dim=\"w:664px,685px,527px,325px;\"\n\t\t\t\t\t\t\t\tdata-frame_0=\"x:0,0px,0px,0px;y:0,0px,0px,0px;\"\n\t\t\t\t\t\t\t\tdata-frame_1=\"x:0,0px,0px,0px;y:0,0px,0px,0px;\"\n\t\t\t\t\t\t\t\tdata-frame_999=\"o:0;st:w;\"\n\t\t\t\t\t\t\t\tstyle=\"z-index:10;font-family:'Poppins';\"\n\t\t\t\t\t\t\t>El portal de impuestos vehiculares de Antioquia te facilita todo en un solo lugar: consulta tu veh\u00edculo, paga el impuesto y accede a la informaci\u00f3n que necesitas. \n\t\t\t\t\t\t\t<\/rs-layer><!--\n\n\t\t\t\t\t\t\t--><rs-layer\n\t\t\t\t\t\t\t\tid=\"slider-9-slide-21-layer-5\" \n\t\t\t\t\t\t\t\tdata-type=\"text\"\n\t\t\t\t\t\t\t\tdata-color=\"#3af9a2\"\n\t\t\t\t\t\t\t\tdata-rsp_ch=\"on\"\n\t\t\t\t\t\t\t\tdata-xy=\"xo:48px,46px,42px,27px;yo:380px,464px,630px,306px;\"\n\t\t\t\t\t\t\t\tdata-text=\"w:normal;s:28,41,40,20;l:34,50,48,24;fw:700;\"\n\t\t\t\t\t\t\t\tdata-dim=\"w:650px,686px,444px,273px;\"\n\t\t\t\t\t\t\t\tdata-frame_0=\"x:0,0px,0px,0px;y:0,0px,0px,0px;\"\n\t\t\t\t\t\t\t\tdata-frame_1=\"x:0,0px,0px,0px;y:0,0px,0px,0px;\"\n\t\t\t\t\t\t\t\tdata-frame_999=\"o:0;st:w;\"\n\t\t\t\t\t\t\t\tstyle=\"z-index:11;font-family:'Poppins';\"\n\t\t\t\t\t\t\t>\u00a1Ingresa y gestiona tu tr\u00e1mite de manera r\u00e1pida y segura! \n\t\t\t\t\t\t\t<\/rs-layer><!--\n\n\t\t\t\t\t\t\t--><rs-layer\n\t\t\t\t\t\t\t\tid=\"slider-9-slide-21-layer-6\" \n\t\t\t\t\t\t\t\tdata-type=\"object\"\n\t\t\t\t\t\t\t\tdata-rsp_ch=\"on\"\n\t\t\t\t\t\t\t\tdata-xy=\"xo:50px,41px,31px,19px;yo:207px,170px,129px,79px;\"\n\t\t\t\t\t\t\t\tdata-text=\"w:normal;s:20,16,12,7;l:0,20,15,9;\"\n\t\t\t\t\t\t\t\tdata-frame_999=\"o:0;st:w;\"\n\t\t\t\t\t\t\t\tstyle=\"z-index:6;font-family:'Roboto';\"\n\t\t\t\t\t\t\t> \n\t\t\t\t\t\t\t<\/rs-layer><!--\n\n\t\t\t\t\t\t\t--><rs-layer\n\t\t\t\t\t\t\t\tid=\"slider-9-slide-21-layer-9\" \n\t\t\t\t\t\t\t\tdata-type=\"image\"\n\t\t\t\t\t\t\t\tdata-rsp_ch=\"on\"\n\t\t\t\t\t\t\t\tdata-xy=\"xo:727px,609px,414px,219px;yo:41px,150px,246px,164px;\"\n\t\t\t\t\t\t\t\tdata-text=\"w:normal;s:20,16,12,7;l:0,20,15,9;\"\n\t\t\t\t\t\t\t\tdata-dim=\"w:437px,528px,613px,337px;h:562px,679px,788px,433px;\"\n\t\t\t\t\t\t\t\tdata-frame_0=\"x:100%;\"\n\t\t\t\t\t\t\t\tdata-frame_0_mask=\"u:t;\"\n\t\t\t\t\t\t\t\tdata-frame_1=\"sp:1000;\"\n\t\t\t\t\t\t\t\tdata-frame_1_mask=\"u:t;\"\n\t\t\t\t\t\t\t\tdata-frame_999=\"o:0;st:w;\"\n\t\t\t\t\t\t\t\tstyle=\"z-index:7;\"\n\t\t\t\t\t\t\t><img decoding=\"async\" src=\"\/\/vehiculosantioquia.com.co\/portalweb\/wp-content\/plugins\/revslider\/public\/assets\/assets\/dummy.png\" alt=\"\" class=\"tp-rs-img rs-lazyload\" width=\"618\" height=\"795\" data-lazyload=\"\/\/vehiculosantioquia.com.co\/portalweb\/wp-content\/uploads\/2023\/08\/Hombre-apuntando-lado-derecho.png\" data-no-retina> \n\t\t\t\t\t\t\t<\/rs-layer><!--\n-->\t\t\t\t\t\t<\/rs-slide>\n\t\t\t\t\t<\/rs-slides>\n\t\t\t\t<\/rs-module>\n\t\t\t\t<script>\n\t\t\t\t\tsetREVStartSize({c: 'rev_slider_9_1',rl:[1240,1024,778,480],el:[600,768,960,500],gw:[1240,1024,778,480],gh:[600,768,960,500],type:'standard',justify:'',layout:'fullwidth',mh:\"0\"});if (window.RS_MODULES!==undefined && window.RS_MODULES.modules!==undefined && window.RS_MODULES.modules[\"revslider91\"]!==undefined) {window.RS_MODULES.modules[\"revslider91\"].once = false;window.revapi9 = undefined;if (window.RS_MODULES.checkMinimal!==undefined) window.RS_MODULES.checkMinimal()}\n\t\t\t\t<\/script>\n\t\t\t<\/rs-module-wrap>\n\t\t\t<!-- END REVOLUTION SLIDER -->\n[\/vc_column][\/vc_row][vc_row column_spacing=\u00bb30px\u00bb canvas=\u00bb%5B%7B%22element%22%3A%22image%22%2C%22shape%22%3A%22shape-1%22%2C%22image_effect%22%3A%22style-1%22%2C%22smoothness%22%3A%2230%22%7D%5D\u00bb el_class=\u00bboverflow-visible z-index1&#8243; css=\u00bb.vc_custom_1765374970474{padding-right: 5% !important;padding-left: 5% !important;}\u00bb][vc_column][vc_row_inner][vc_column_inner offset=\u00bbvc_col-md-4&#8243;]<div class=\"deeper-content-box clearfix ctb-1494169564 overflow-visible accent-purple icb-hover-effect-1 wow fadeInUp\" style=\"\" data-config='{\"padding\":\"40px 45px 60px\",\"mobiPadding\":\"40px 45px 60px\",\"margin\":\"-80px 0 0\",\"mobiMargin\":\"-70px 0 0\",\"bg\":\"#ffffff\",\"round\":\"5px\",\"border\":\"1px solid #e7e7e7\",\"borderStyleHover\":\"solid\"}' data-wow-duration=\"0.75s\" data-wow-delay=\"0.6s\">\r\n\t\t\t\t\t<div class=\"inner \" style=\"overflow:hidden;\">\r\n\t\t\t\t\t\t<div class=\"deeper-icon-box clearfix icon-top align-center\" style=\"\" >\n\t\t\t\t\t<div class=\"deeper-icon icon-top align-center icon-font icon-2042205099 icon-has-width\" data-config='{\"color\":\"#0b5640\",\"fontSize\":\"50px\",\"width\":\"50px\",\"height\":\"60px\",\"lineHeight\":\"60px\"}'>\n\t\t\t\t\t\t\t<span class=\"icon-wrap\"><i class=\"fe-dollar-sign\"><\/i><\/span>\n\t\t\t\t\t\t<\/div> <h3 class=\"heading \" style=\"margin-top:25px;margin-bottom:25px;font-family:Poppins;\">\n\t\t\t\t\t\t<span>Paga y consulta tu impuesto f\u00e1cilmente<\/span>\n\t\t\t\t\t<\/h3><div class=\"desc \" style=\"font-size:16px;line-height:21px;margin-bottom:25px;font-family:Poppins;\"><p>Gestiona todos tus veh\u00edculos desde un solo lugar.<\/p>\n<\/div> \n\t\t\t\t<\/div>\r\n\t\t\t\t\t<\/div>\r\n\t\t\t\t\t\r\n\t\t\t\t<\/div><div class=\"deeper-spacer clearfix\" data-config='{\"mobile\":70,\"smobile\":60}'><\/div>[\/vc_column_inner][vc_column_inner offset=\u00bbvc_col-md-4&#8243;]<div class=\"deeper-content-box clearfix ctb-253577642 overflow-visible accent-purple icb-hover-effect-1 wow fadeInUp\" style=\"\" data-config='{\"padding\":\"40px 45px 60px\",\"mobiPadding\":\"40px 45px 60px\",\"margin\":\"-80px 0 0\",\"mobiMargin\":\"0\",\"bg\":\"#ffffff\",\"round\":\"5px\",\"border\":\"1px solid #e7e7e7\",\"borderStyleHover\":\"solid\"}' data-wow-duration=\"0.75s\" data-wow-delay=\"0.6s\">\r\n\t\t\t\t\t<div class=\"inner \" style=\"overflow:hidden;\">\r\n\t\t\t\t\t\t<div class=\"deeper-icon-box clearfix icon-top align-center\" style=\"\" >\n\t\t\t\t\t<div class=\"deeper-icon icon-top align-center icon-font icon-1428271501 icon-has-width\" data-config='{\"color\":\"#0b5640\",\"fontSize\":\"50px\",\"width\":\"50px\",\"height\":\"60px\",\"lineHeight\":\"60px\"}'>\n\t\t\t\t\t\t\t<span class=\"icon-wrap\"><i class=\"fe-map-pin\"><\/i><\/span>\n\t\t\t\t\t\t<\/div> <h3 class=\"heading \" style=\"margin-top:25px;margin-bottom:25px;font-family:Poppins;\">\n\t\t\t\t\t\t<span>Accede a informaci\u00f3n clara y completa<\/span>\n\t\t\t\t\t<\/h3><div class=\"desc \" style=\"font-size:16px;line-height:21px;margin-bottom:25px;font-family:Poppins;\"><p>Conoce puntos de pago, formatos y la normatividad vigente.<\/p>\n<\/div> \n\t\t\t\t<\/div>\r\n\t\t\t\t\t<\/div>\r\n\t\t\t\t\t\r\n\t\t\t\t<\/div><div class=\"deeper-spacer clearfix\" data-config='{\"mobile\":70,\"smobile\":60}'><\/div>[\/vc_column_inner][vc_column_inner offset=\u00bbvc_col-md-4&#8243;]<div class=\"deeper-content-box clearfix ctb-1855446346 overflow-visible accent-purple icb-hover-effect-1 wow fadeInUp\" style=\"\" data-config='{\"padding\":\"40px 45px 60px\",\"mobiPadding\":\"40px 45px 60px\",\"margin\":\"-80px 0 0\",\"mobiMargin\":\"0\",\"bg\":\"#ffffff\",\"round\":\"5px\",\"border\":\"1px solid #e7e7e7\",\"borderStyleHover\":\"solid\"}' data-wow-duration=\"0.75s\" data-wow-delay=\"0.3s\">\r\n\t\t\t\t\t<div class=\"inner \" style=\"overflow:hidden;\">\r\n\t\t\t\t\t\t<div class=\"deeper-icon-box clearfix icon-top align-center\" style=\"\" >\n\t\t\t\t\t<div class=\"deeper-icon icon-top align-center icon-font icon-289981231 icon-has-width\" data-config='{\"color\":\"#0b5640\",\"fontSize\":\"50px\",\"width\":\"50px\",\"height\":\"60px\",\"lineHeight\":\"60px\"}'>\n\t\t\t\t\t\t\t<span class=\"icon-wrap\"><i class=\"fe-calendar\"><\/i><\/span>\n\t\t\t\t\t\t<\/div> <h3 class=\"heading \" style=\"margin-top:25px;margin-bottom:25px;font-family:Poppins;\">\n\t\t\t\t\t\t<span>Mantente al d\u00eda y evita sanciones<\/span>\n\t\t\t\t\t<\/h3><div class=\"desc \" style=\"font-size:16px;line-height:21px;margin-bottom:25px;font-family:Poppins;\"><p>Controla las fechas de vencimiento de tus impuestos de manera sencilla.<\/p>\n<\/div> \n\t\t\t\t<\/div>\r\n\t\t\t\t\t<\/div>\r\n\t\t\t\t\t\r\n\t\t\t\t<\/div><div class=\"deeper-spacer clearfix\" data-config='{\"mobile\":70,\"smobile\":60}'><\/div>[\/vc_column_inner][\/vc_row_inner]<div class=\"deeper-spacer clearfix\" data-config='{\"desktop\":100,\"mobile\":80,\"smobile\":60}'><\/div>[\/vc_column][\/vc_row][vc_row full_width=\u00bbstretch_row\u00bb column_spacing=\u00bb30px\u00bb canvas=\u00bb%5B%7B%22element%22%3A%22image%22%2C%22shape%22%3A%22shape-1%22%2C%22image_effect%22%3A%22style-1%22%2C%22smoothness%22%3A%2230%22%7D%5D\u00bb][vc_column][vc_custom_heading text=\u00bbConoce los lugares y tiempos de entrega del certificado de pago\u00bb font_container=\u00bbtag:h1|text_align:center\u00bb use_theme_fonts=\u00bbyes\u00bb]<div class=\"deeper-spacer clearfix\" data-config='{\"desktop\":40,\"mobile\":20,\"smobile\":20}'><\/div>[vc_row_inner equal_height=\u00bbyes\u00bb content_placement=\u00bbmiddle\u00bb css=\u00bb.vc_custom_1766080060647{padding-right: 5% !important;padding-left: 5% !important;}\u00bb][vc_column_inner offset=\u00bbvc_col-md-6&#8243;]<div class=\"deeper-text align-left \" style=\"font-size:16px;line-height:21px;\" ><span>Recibe tu certificado de pago de manera sencilla y confiable.<\/span>\n<span><strong>El valor del certificado es de $5.300,<\/strong> y su entrega depende del banco y del canal que uses.<\/span>\n<\/div><div class=\"deeper-spacer clearfix\" data-config='{\"desktop\":40,\"mobile\":40,\"smobile\":40}'><\/div><div class=\"list-wrap\">\n\t\t\t\t\t<ul class=\"deeper-list  \" >\n\t\t\t\t\t\t<li class=\"list-item\" style=\"padding-left:50px;margin-bottom:18px;\">\n\t\t\t\t\t\t<div class=\"deeper-icon icon-top align-left icon-font icon-2118262737\" data-config='{\"color\":\"#0b5640\",\"fontSize\":\"24px\",\"lineHeight\":\"22px\"}'>\n\t\t\t\t\t\t\t<span class=\"icon-wrap\"><i class=\"fe-file-text\"><\/i><\/span>\n\t\t\t\t\t\t<\/div>\n\t\t\t\t\t\t<div class=\"content-wrap\">\n\t\t\t\t\t\t\t<h4 class=\"title \" style=\"font-size:16px;line-height:24px;\">Entrega inmediata<\/h4>\n\t\t\t\t\t\t\t<div class=\"desc\" style=\"font-size:16px;line-height:21px;\">Si el pago del impuesto se realiza en el Banco Popular \u2013 punto de atenci\u00f3n de La Alpujarra o por medio del portal web, el certificado se entrega de manera inmediata.<\/div>\n\t\t\t\t\t\t<\/div>\n\t\t\t\t\t<\/li><li class=\"list-item\" style=\"padding-left:50px;margin-bottom:18px;\">\n\t\t\t\t\t\t<div class=\"deeper-icon icon-top align-left icon-font icon-1098699387\" data-config='{\"color\":\"#0b5640\",\"fontSize\":\"24px\",\"lineHeight\":\"22px\"}'>\n\t\t\t\t\t\t\t<span class=\"icon-wrap\"><i class=\"fe-file-text\"><\/i><\/span>\n\t\t\t\t\t\t<\/div>\n\t\t\t\t\t\t<div class=\"content-wrap\">\n\t\t\t\t\t\t\t<h4 class=\"title \" style=\"font-size:16px;line-height:24px;font-size:16px;line-height:24px;\">Entrega en d\u00edas h\u00e1biles<\/h4>\n\t\t\t\t\t\t\t<div class=\"desc\" style=\"font-size:16px;line-height:21px;font-size:16px;line-height:21px;\">Si el pago se efect\u00faa en cualquier otro banco, el certificado estar\u00e1 disponible tres (3) d\u00edas h\u00e1biles despu\u00e9s.<\/div>\n\t\t\t\t\t\t<\/div>\n\t\t\t\t\t<\/li>\n\t\t\t\t\t<\/ul>\n\t\t\t\t<\/div><div class=\"deeper-spacer clearfix\" data-config='{\"desktop\":20,\"mobile\":20,\"smobile\":20}'><\/div><div class=\"list-wrap\">\n\t\t\t\t\t<ul class=\"deeper-list  \" >\n\t\t\t\t\t\t<li class=\"list-item\" style=\"padding-left:50px;margin-bottom:18px;\">\n\t\t\t\t\t\t<div class=\"deeper-icon icon-top align-left icon-font icon-515451229\" data-config='{\"color\":\"#0b5640\",\"fontSize\":\"24px\",\"lineHeight\":\"22px\"}'>\n\t\t\t\t\t\t\t<span class=\"icon-wrap\"><i class=\"far fa-building\"><\/i><\/span>\n\t\t\t\t\t\t<\/div>\n\t\t\t\t\t\t<div class=\"content-wrap\">\n\t\t\t\t\t\t\t<h4 class=\"title \" style=\"line-height:24px;\">Lugares de entrega<\/h4>\n\t\t\t\t\t\t\t<div class=\"desc\" style=\"\">Punto de atenci\u00f3n en La Alpujarra y en las Secretar\u00edas de Tr\u00e1nsito y Transporte de Medell\u00edn, Envigado, Rionegro, Bello, Sabaneta, Urrao, Andes, La Ceja, Ciudad Bol\u00edvar, Puerto Berr\u00edo, Caucasia, Yarumal, Amalfi, Marinilla, Santa Rosa de Osos, Apartad\u00f3, Caldas, La Estrella y El Poblado.\n<\/div>\n\t\t\t\t\t\t<\/div>\n\t\t\t\t\t<\/li>\n\t\t\t\t\t<\/ul>\n\t\t\t\t<\/div><div class=\"deeper-spacer clearfix\" data-config='{\"desktop\":70,\"mobile\":70,\"smobile\":70}'><\/div>[\/vc_column_inner][vc_column_inner offset=\u00bbvc_col-md-6&#8243;]<div class=\"deeper-spacer clearfix\" data-config='{\"mobile\":30,\"smobile\":30}'><\/div><div class=\"deeper-content-box clearfix ctb-493859796 wow fadeInUp\" style=\"\" data-config='{\"padding\":\"0\",\"mobiPadding\":\"0\",\"margin\":\"0 0 0 35px\",\"mobiMargin\":\"0\",\"borderStyleHover\":\"solid\"}' data-wow-duration=\"0.75s\" data-wow-delay=\"0.3s\">\r\n\t\t\t\t\t<div class=\"inner \" style=\"\">\r\n\t\t\t\t\t\t<div class=\"deeper-fancy-image reveal  lr \"   data-inviewport=\"yes\">\r\n\t\t\t\t\t\t\t<figure style=\"border-radius:20px;overflow:hidden;\"><img decoding=\"async\" alt=\"image\" src=\"https:\/\/vehiculosantioquia.com.co\/portalweb\/wp-content\/uploads\/2025\/12\/mujer-trabajando-remotamente-desde-casa-scaled.jpg\" \/> <\/figure>\r\n\t\t\t\t\t\t<\/div>\r\n\t\t\t\t\t<\/div>\r\n\t\t\t\t\t\r\n\t\t\t\t<\/div>[\/vc_column_inner][\/vc_row_inner]<div class=\"deeper-spacer clearfix\" data-config='{\"desktop\":120,\"mobile\":60,\"smobile\":30}'><\/div>[\/vc_column][\/vc_row]<\/p>\n<\/section>","protected":false},"excerpt":{"rendered":"<p>[vc_row][vc_column][\/vc_column][\/vc_row][vc_row column_spacing=\u00bb30px\u00bb canvas=\u00bb%5B%7B%22element%22%3A%22image%22%2C%22shape%22%3A%22shape-1%22%2C%22image_effect%22%3A%22style-1%22%2C%22smoothness%22%3A%2230%22%7D%5D\u00bb el_class=\u00bboverflow-visible z-index1&#8243; css=\u00bb.vc_custom_1765374970474{padding-right: 5% !important;padding-left: 5% !important;}\u00bb][vc_column][vc_row_inner][vc_column_inner offset=\u00bbvc_col-md-4&#8243;][\/vc_column_inner][vc_column_inner offset=\u00bbvc_col-md-4&#8243;][\/vc_column_inner][vc_column_inner offset=\u00bbvc_col-md-4&#8243;][\/vc_column_inner][\/vc_row_inner][\/vc_column][\/vc_row][vc_row full_width=\u00bbstretch_row\u00bb column_spacing=\u00bb30px\u00bb canvas=\u00bb%5B%7B%22element%22%3A%22image%22%2C%22shape%22%3A%22shape-1%22%2C%22image_effect%22%3A%22style-1%22%2C%22smoothness%22%3A%2230%22%7D%5D\u00bb][vc_column][vc_custom_heading text=\u00bbConoce los lugares y tiempos de entrega del certificado de pago\u00bb font_container=\u00bbtag:h1|text_align:center\u00bb use_theme_fonts=\u00bbyes\u00bb][vc_row_inner equal_height=\u00bbyes\u00bb content_placement=\u00bbmiddle\u00bb css=\u00bb.vc_custom_1766080060647{padding-right: 5% !important;padding-left: 5% !important;}\u00bb][vc_column_inner offset=\u00bbvc_col-md-6&#8243;][\/vc_column_inner][vc_column_inner offset=\u00bbvc_col-md-6&#8243;][\/vc_column_inner][\/vc_row_inner][\/vc_column][\/vc_row]<\/p>\n","protected":false},"author":1,"featured_media":0,"parent":0,"menu_order":0,"comment_status":"closed","ping_status":"closed","template":"","meta":{"footnotes":""},"class_list":["post-5970","page","type-page","status-publish","hentry"],"_links":{"self":[{"href":"https:\/\/vehiculosantioquia.com.co\/portalweb\/wp-json\/wp\/v2\/pages\/5970","targetHints":{"allow":["GET"]}}],"collection":[{"href":"https:\/\/vehiculosantioquia.com.co\/portalweb\/wp-json\/wp\/v2\/pages"}],"about":[{"href":"https:\/\/vehiculosantioquia.com.co\/portalweb\/wp-json\/wp\/v2\/types\/page"}],"author":[{"embeddable":true,"href":"https:\/\/vehiculosantioquia.com.co\/portalweb\/wp-json\/wp\/v2\/users\/1"}],"replies":[{"embeddable":true,"href":"https:\/\/vehiculosantioquia.com.co\/portalweb\/wp-json\/wp\/v2\/comments?post=5970"}],"version-history":[{"count":22,"href":"https:\/\/vehiculosantioquia.com.co\/portalweb\/wp-json\/wp\/v2\/pages\/5970\/revisions"}],"predecessor-version":[{"id":6139,"href":"https:\/\/vehiculosantioquia.com.co\/portalweb\/wp-json\/wp\/v2\/pages\/5970\/revisions\/6139"}],"wp:attachment":[{"href":"https:\/\/vehiculosantioquia.com.co\/portalweb\/wp-json\/wp\/v2\/media?parent=5970"}],"curies":[{"name":"wp","href":"https:\/\/api.w.org\/{rel}","templated":true}]}}